1011011011111 + 1111011101?
-101001100000010
In base 9, what is 4 + 508836126?
508836131
In base 2, what is 1111 + 111000110100011101000?
111000110100011110111
In base 12, what is 1a4919b0 + -1?
1a4919ab
In base 11, what is 7 - -77589466?
77589472
In base 14, what is d89 + 21d8?
3183
In base 15, what is -c + 8b196a0?
8b19693
In base 4, what is 222221030 - -202?
222221232
In base 16, what is -638df5 + 1?
-638df4
In base 14, what is -217a66 + 1d?
-217a47
In base 14, what is 2 + -66c2cc?
-66c2ca
In base 5, what is 343040 + 1204?
344244
In base 5, what is -3012021303 - -3?
-3012021300
In base 4, what is -3 - -32213033233?
32213033230
In base 4, what is 3200 - 22001022?
-21331222
In base 14, what is -1794ca - -c0?
-17940a
In base 15, what is 21ecc6 - 8?
21ecbd
In base 3, what is 22010 - -11020111001?
11020210011
In base 7, what is -4 - 64452436?
-64452443
In base 3, what is -20102 + -212220111110?
-212220201212
In base 15, what is -2 + -246d87c?
-246d87e
In base 14, what is -51 + -3403a?
-3408b
In base 16, what is -b83 + 17c?
-a07
In base 12, what is 2886 - 2669?
219
In base 10, what is 78601 + -460?
78141
In base 10, what is -59359 + 14498?
-44861
In base 9, what is 14247364 + -2?
14247362
In base 8, what is 106 + 14762303?
14762411
In base 6, what is 4 - -2402000424?
2402000432
In base 7, what is 5 - -1014116043?
1014116051
In base 15, what is 1891bcae - -5?
1891bcb4
In base 4, what is -11120 - -12313120?
12302000
In base 14, what is 27 - 1b352?
-1b329
In base 3, what is 212211200221212 - 0?
212211200221212
In base 12, what is -247a + 9838?
737a
In base 16, what is ba7 + -29f6d?
-293c6
In base 5, what is 1123201 - -1044102?
2222303
In base 8, what is 14 + 25666231?
25666245
In base 12, what is -87a3 - -95?
-870a
In base 16, what is a - 117be57?
-117be4d
In base 5, what is -2 + -2104140202?
-2104140204
In base 16, what is -693cb - 1?
-693cc
In base 13, what is -3384 - 2a36?
-60ba
In base 3, what is -112102102 + 20012220?
-22012112
In base 4, what is 232 + -221330102?
-221323210
In base 9, what is -8364752 - 2?
-8364754
In base 7, what is -3 + 35326433?
35326430
In base 3, what is 1 + -120002202222001?
-120002202222000
In base 3, what is 1201220222202010 - 11?
1201220222201222
In base 13, what is 76939 - 873?
76096
In base 14, what is 4 + -20954a15?
-20954a11
In base 5, what is 2430211 - -4244?
2440010
In base 15, what is -5 + 2e9e92?
2e9e8c
In base 12, what is 6a7 + -132a?
-843
In base 12, what is 11b + ab70?
b08b
In base 4, what is -1123101221322 + 10?
-1123101221312
In base 16, what is 455f7c + 20?
455f9c
In base 6, what is 512012334 + -13?
512012321
In base 14, what is -2515 - 352?
-2867
In base 2, what is 1011001 + -101010001011010010?
-101010001001111001
In base 11, what is 265 - -19212?
19477
In base 8, what is 25544237 - 232?
25544005
In base 7, what is -4 - -22664321?
22664314
In base 12, what is -2 - 102783a?
-1027840
In base 6, what is 10 + -3133052222?
-3133052212
In base 15, what is 251b7a1 - -5?
251b7a6
In base 6, what is 520 + -33253?
-32333
In base 11, what is -2727 - -123a47?
121320
In base 10, what is -439754 + -12?
-439766
In base 9, what is 3 + 374647062?
374647065
In base 3, what is -1211122 + -22210011?
-101121210
In base 13, what is 6 + 758135b?
7581364
In base 2, what is -1010111110000001110100 + -1?
-1010111110000001110101
In base 16, what is -24829 - -13d?
-246ec
In base 4, what is -300 - -22300121312?
22300121012
In base 11, what is 14 + 24727a?
247293
In base 9, what is 24 + -1812213?
-1812178
In base 10, what is -7778 + -12328?
-20106
In base 16, what is 20a2b19 + 0?
20a2b19
In base 10, what is 1849472 - -16?
1849488
In base 12, what is 337a - 105a1?
-9223
In base 14, what is -300c01 + -37?
-300c38
In base 8, what is 45123526 + 4?
45123532
In base 2, what is -1111 - 111111010111100101111?
-111111010111100111110
In base 16, what is -4497 - 1e?
-44b5
In base 3, what is -110 + 11200210111?
11200210001
In base 9, what is 2 + -45420537?
-45420535
In base 15, what is -3a1 + 5358b?
531da
In base 6, what is 244 + -400541?
-400253
In base 14, what is 337673 + 11?
337684
In base 14, what is -2b - -5399d8?
5399ab
In base 6, what is 45 - -333101135?
333101224
In base 5, what is -44132134 + -4?
-44132143
In base 3, what is -21210212020211 - 110?
-21210212021021
In base 13, what is c - -61c70b?
61c71a
In base 4, what is 32133 + 200031111?
200123310
In base 4, what is -22 - 11031202021301?
-11031202021323
In base 13, what is -8 - 642094?
-64209c
In base 10, what is -7 - 85041?
-85048
In base 6, what is -13 - -13134125?
13134112
In base 6, what is 4223214 - -253?
4223511
In base 3, what is 11 - -2101010010121?
2101010010202
In base 2, what is 1001 + 1101110111010110101110?
1101110111010110110111
In base 13, what is aa + -8c533?
-8c456
In base 15, what is 2 + a889c?
a889e
In base 14, what is 3 - 3ac3c4?
-3ac3c1
In base 6, what is -434254 + -1201?
-435455
In base 7, what is -51310533 - 3?
-51310536
In base 4, what is -1231312102 + 110?
-1231311332
In base 4, what is 1222201122 + 302?
1222202030
In base 2, what is 101011111111110 - 1010110?
101011110101000
In base 4, what is 2230 - 12311130?
-12302300
In base 12, what is 1 + -582392?
-582391
In base 8, what is -5321442 + -57?
-5321521
In base 7, what is 2131044250 + 3?
2131044253
In base 7, what is -2 + 231655026?
231655024
In base 11, what is 4 - -1297a2?
1297a6
In base 12, what is -7 + -1a608b?
-1a6096
In base 13, what is 4 - 2931a234?
-2931a230
In base 9, what is -124880164 + 2?
-124880162
In base 7, what is 36066 + 13161?
52260
In base 6, what is -5 + 420232024?
420232015
In base 9, what is 448357 - -443?
448811
In base 7, what is -36154060 + -4?
-36154064
In base 10, what is -851 + -335087?
-335938
In base 12, what is 3b6895 + 1a?
3b68b3
In base 13, what is 1c062627 + 4?
1c06262b
In base 15, what is -16e5 - -4dd?
-1207
In base 10, what is 32097 - -569?
32666
In base 9, what is -1264425 - -34?
-1264381
In base 15, what is da6d22 + -2?
da6d20
In base 7, what is 22554253 - 0?
22554253
In base 8, what is -1 + 773501050?
773501047
In base 6, what is 120 + 2042055?
2042215
In base 13, what is 1c + -1082683?
-1082664
In base 15, what is 1373 - ee5?
37d
In base 10, what is 18 + -6136430?
-6136412
In base 14, what is -27 + 15b6d?
15b46
In base 4, what is 1122000121 - 123?
1121333332
In base 13, what is 217 + -14c94?
-14a7a
In base 3, what is 11222021200102000 + 11?
11222021200102011
In base 2, what is -1000 - -1100011100010101001001010?
1100011100010101001000010
In base 6, what is 1154 + -2233502?
-2232304
In base 12, what is -5b838 - -700?
-5b138
In base 14, what is 15d + 39cca?
3a049
In base 6, what is -55422001544 + 2?
-55422001542
In base 11, what is -20070 - -54a?
-1a621
In base 11, what is -24140430 - a?
-2414043a
In base 4, what is 32122330 - -11221?
32200211
In base 15, what is -aa + -1b790?
-1b84a
In base 5, what is -1123 - -32241312?
32240134
In base 10, what is -4890 + -99?
-4989
In base 15, what is a9a + 3373?
3e1d
In base 9, what is 18365103 - 45?
18365047
In base 10, what is 5953 - -1190?
7143
In base 16, what is 4324ed5 - 0?
4324ed5
In base 15, what is -13d57 + -604?
-1445b
In base 13, what is 25 + 18758c?
1875b4
In base 13, what is 57 + -12425b3?
-1242559
In base 10, what is -4646695 + 1?
-4646694
In base 3, what is 100120112 + -2102011?
21011101
In base 3, what is -212201 - 10120102221?
-10121022122
In base 7, what is -6510132 - 203?
-6510335
In base 14, what is -16 + -72b0?
-72c6
In base 2, what is 100011011001011000111 + -100?
100011011001011000011
In base 16, what is -96fd - cf?
-97cc
In base 7, what is 0 + 13313251?
13313251
In base 2, what is 110010000100110 - -11001010?
110010011110000
In base 14, what is -1d688 + 5b?
-1d62b
In base 10, what is -14944 + 576?
-14368
In base 16, what is -2ed2409 + -2?
-2ed240b
In base 4, what is -23321 - 3032131?
-3122112
In base 7, what is 316152 + -30634?
255215
In base 12, what is -94a022 + 5?
-94a019
In base 15, what is 151 + 94614?
94765
In base 13, what is 14182 - 1b?
14164
In base 4, what is -1301320101130210 + -10?
-1301320101130220
In base 16, what is -18176e6f - -2?
-18176e6d
In base 14, what is 352723b - 3?
3527238
In base 11, what is 771 + 24437?
250a8
In base 16, what is 4 + 51ffc7?
51ffcb
In base 16, what is -5 + -b6896